1. Let a = 30 + g. Suppose -r - 125 + 384 = a. Is r a composite number?
True
Let l = 142 + -136. Suppose -l*q = -q - 4*g - 45549, -9121 = -q - 2*g. Is q prime?
False
Suppose -10*k = 5*q - 12*k - 936507, 0 = 5*k + 5. Is q composite?
True
Let v(j) = 2*j**2 - 7*j + 9. Let m be v(2). Suppose 0 = m*d - 61056 - 2973. Is d composite?
True
Let y(m) = m**3 - 6*m**2 - 7*m + 2. Suppose 3*f + 6*f = 63. Let w be y(f). Suppose s + w*s = -4*b + 6128, 6132 = 4*b + 2*s. Is b composite?
True
Let n = 28632 - 18731. Is n composite?
False
Let s(t) = 433*t + 1261 - 1266 - 1659*t. Let g be s(-3). Suppose 0 = 5*i - 2*p - 4587, 3*i = -i + 5*p + g. Is i composite?
True
Let v = 169 + -166. Suppose 3*x - 2828 = 5*w, 0 = 3*x + 6*w - v*w - 2820. Is x a composite number?
False
Suppose -3*f + 8 = 3*l + f, 10 = -2*l + 5*f. Suppose l = -6*s + 9*s - 894. Is s composite?
True
Suppose -3*t + s + 9447 = 0, 2*t + 4*s + 6308 = 4*t. Let h = t + -1781. Is h prime?
True
Let c(p) = 543*p**2 + 15*p - 14. Let z(g) = 271*g**2 + 7*g - 7. Let m(h) = -3*c(h) + 7*z(h). Is m(2) prime?
False
Suppose 2*q + 3*a = -0*q - 2872, 0 = 4*a. Let b = q - -1002. Let w = 1123 + b. Is w a prime number?
False
Suppose 11*h + h - 13752 = 0. Is (0 - 0) + h*(-2)/(-12) prime?
True
Let b be -14*198 + -3 + (7 - -2). Let u = b - -11072. Is u prime?
False
Let g(o) = 16*o**2 - 28*o + 301. Is g(19) a prime number?
False
Suppose 2*f = 6*f - 6420. Suppose 7*g + f = 4*g. Let s = -228 - g. Is s a prime number?
True
Is ((-16)/((-32)/(-6)))/(-5 + 9710952/1942194) prime?
True
Let s = 205999 - 146858. Is s composite?
False
Suppose h - 8248 = -s, 4*h - 5*s = -h + 41210. Suppose -3*u - 3231 - h = -j, -4*u + 12 = 0. Is j prime?
False
Let a be ((-6)/12)/((-2)/19108). Let x = a - 6. Is x a prime number?
False
Let m(s) = -33 - s - 45 + 112. Let f = 6 - 6. Is m(f) prime?
False
Let n be (0 - 18/12)*778. Let y = 2710 + n. Is y composite?
False
Let b = 221 + -227. Let c(v) = -27*v**3 + 2*v**2 + 5*v + 4. Is c(b) composite?
True
Let x be (4/(-5))/(14/175). Let c be (15/x)/((-1)/2). Suppose c*s - 2064 = -5*i - 215, -2*s - 4 = 0. Is i a composite number?
True
Let p(x) = 222*x**3 - 3*x**2 + 121*x + 51. Is p(10) a composite number?
True
Suppose 0*r + 4*r = -5*y, -4*y - 1 = 3*r. Is -1039*y/(-8)*-2 composite?
False
Suppose -5*o + 264 = 3*h, 3*o + 12*h = 11*h + 160. Let b be (6/(-15))/(3/761295). Is (-12)/o + b/(-18) prime?
True
Let m(t) = -26 - 10*t + 15*t - 9*t. Let d be m(-7). Suppose -d*a = -2*c - 2348, 7*a - 2*a + 3*c - 5830 = 0. Is a composite?
True
Let c(d) = -d - 4 - 4 + 3*d. Let z be (4 + (-34)/8)/((-2)/88). Is c(z) composite?
True
Let t(n) = 2052*n + 775. Is t(47) a prime number?
False
Suppose -3*i + 54045 = 2*m, -50*m + 51*m - 54042 = -3*i. Is i prime?
True
Suppose -4*r + 4*n = 0, -3*r + 8*n = 4*n + 2. Is 3/r*4696/12 prime?
True
Let b(t) be the third derivative of -23*t**6/12 + t**5/30 + t**4/24 + t**3/3 - t**2 - 2*t. Is b(-3) a composite number?
True
Let k(s) = 110*s + 278. Let h be k(-18). Let a = -515 - h. Is a a composite number?
False
Let s(j) = 97*j**3 - 10*j**2 - 8*j + 28. Is s(5) a prime number?
True
Suppose 4*h - h + 4*p - 278667 = 0, -5*p = 15. Is h prime?
True
Suppose -3*x - r = -31, -780*x + 784*x + 5*r = 56. Let h be 2/(-4) + (-20054)/(-4). Suppose x*f = h + 5328. Is f a prime number?
False
Let c(t) = 5 + 326*t**2 + 3*t**3 - 17 - 16*t - 317*t**2. Let d be c(11). Suppose 4*i - d = -2*x, i = 5*x - i - 12175. Is x a composite number?
False
Let b = -2053966 - -3217511. Is b a composite number?
True
Is (-6 - (-520)/90)*9 + 494085 a prime number?
True
Let y = -41 - -67. Suppose -y = -4*z - 42. Is -23*(-1*15 - z) a prime number?
False
Suppose t - 14*t = -13572. Suppose 321 - 997 = 4*y. Let j = t - y. Is j composite?
False
Suppose 0 = 3*q - 6*q + 21. Suppose 2*k + 4*s = 3*s + q, -3*s = 3*k - 3. Is k*(-3)/18*-591 a prime number?
False
Suppose -2*r + 5*m = 3*r + 1610, 0 = 2*r + m + 659. Let t = 180 + r. Is ((-7)/14 + t/(-2))*37 a prime number?
False
Let d = 2224 - 2188. Let y(c) = -94*c**2 - 2*c - 1. Let f be y(-2). Let h = d - f. Is h prime?
True
Suppose 0 = -2*j - v + 770054, 283*j - 284*j = -2*v - 385047. Is j prime?
False
Let d be (-13)/65 + 12/10. Suppose -2*l = 3*x + x + 2254, -l = -d. Let y = -373 - x. Is y a composite number?
False
Is (0 - 5)/5*(-1)/((-4)/(-39124)) a composite number?
False
Let r = 4025 - -8490. Is r a composite number?
True
Is ((-3883385)/22*(-12)/(-45))/(4/(-6)) composite?
False
Suppose 0 = 4*m - 5*b - 2, -2*m - 4*b = m - 17. Suppose m*n + 2*n = 25. Suppose 3*j - 23416 = -n*j. Is j a composite number?
False
Suppose -7393 = 5*r - x, 0 = -3*r - 4*x - 3355 - 1090. Let v be r/(-1*(-1)/(0 + -1)). Suppose 280 + v = y. Is y a composite number?
False
Suppose -3*m + 7*m = -7*m. Suppose -2*a + 829 + 729 = m. Is a a prime number?
False
Let r(p) be the first derivative of 11*p**4/24 - 9*p**3/2 + 13*p**2/2 - 16. Let m(o) be the second derivative of r(o). Is m(10) a prime number?
True
Let g(t) = 11*t**2 + 138*t + 761. Is g(70) composite?
True
Let t(n) = 266*n + 533 + 344 - 268*n. Let r = -7 - -7. Is t(r) composite?
False
Suppose 0*x = -2*i - 2*x + 10, -4*i - x = -5. Suppose -4*p - u + 30 = 0, 2*p - 4*u - 6 = -i*p. Let w = 81 - p. Is w composite?
True
Let l = -5327 + 17610. Is l a composite number?
True
Let x = -201591 + 503210. Is x prime?
True
Let w(x) = -17*x + 10. Let n be w(-8). Suppose -n = -v - 143. Suppose 1729 = v*o - 5*u, -4*u - u = 5*o - 2855. Is o prime?
False
Let m = 41 + -37. Suppose -7 = -m*l + 5. Suppose 0*k = l*y - 4*k - 11729, -4*y + 3*k + 15634 = 0. Is y a prime number?
True
Let m be 223566/112 + 5 - 5/40. Let p(x) = -200*x + 2. Let y be p(6). Let o = y + m. Is o prime?
False
Suppose 210*x = 206*x + v + 18944098, x = -3*v + 4736005. Is x prime?
True
Let o(r) = -229*r + 220*r + 703*r + 31 + 618*r. Is o(3) a prime number?
True
Let t = -462396 - -741929. Is t a prime number?
False
Suppose 4*q - 35600 = -4*v, -5*v + 3*v + 4*q + 17818 = 0. Is v composite?
True
Suppose -4*l - 21 - 43 = -5*d, 2*d = 4*l + 28. Let n(r) = 5*r + 10 - 7*r - 4*r + r**2. Is n(d) a composite number?
True
Let u(j) = 576*j + 18. Let g be u(4). Let k = -1171 + g. Is k composite?
False
Suppose 0 = 5*y - 9*y + 28. Suppose 4*v - 17 = y. Is (-1 + -1898)*(-2)/v a composite number?
True
Suppose 3*i = 3*f - 1803430 - 634343, -16251676 = -20*f - 4*i. Is f prime?
False
Let w(i) = -6*i**2 + 6*i**2 - i**2 - 1 + i. Let a(n) = -111*n**2 - 2*n - 4. Let j(c) = -a(c) + 2*w(c). Is j(-5) prime?
True
Let r(k) = k**3 + 3*k - 6. Let j be r(3). Let s be (-6)/(-4) - j/(-12). Is (-15)/(12/s) + 748 a prime number?
True
Let v = 763 - 761. Suppose 3*y = 5*d + 31001, -9*d = -v*d + 28. Is y prime?
False
Let p(z) = -193*z - 46. Let o(n) = n**3 + 28*n**2 + 78*n + 34. Let u be o(-25). Is p(u) composite?
False
Suppose 3*r + 1 = 2*i - 0, r = 2*i - 7. Suppose 3*s - 36 = -r. Let b(m) = m**3 - 8*m**2 - m - 21. Is b(s) a prime number?
True
Let f(i) = 11006*i + 3913. Is f(21) a prime number?
False
Suppose 29*t - 280 = 300. Suppose -551655 = -t*x + 140525. Is x a prime number?
False
Is (8 + -1664943)/(-5) + 0 a prime number?
True
Suppose -5*i + 16*d + 3598 = 18*d, 2*i = 2*d + 1428. Let u(z) = 4*z**3 - z**2 + 5*z + 5. Let w be u(-4). Let c = w + i. Is c prime?
True
Let h be (-1)/3 - (-100)/30. Suppose 196 = -h*d + 820. Is d - -13 - (5 - 1) composite?
True
Let t = 26 - 46. Let n(s) = -3*s - 24. Let h be n(t). Suppose 7 + h = b. Is b a composite number?
False
Let q(l) = 45*l**2 - 52*l - 82. Is q(31) a composite number?
True
Suppose 0 = -5*h + 5 + 20. Suppose -2*s = 5*z - 4*s - 17103, 3*z + h*s = 10268. Is z a prime number?
False
Let f(k) = -k - 1. Let q(s) = 2223*s - 7. Let g(j) = 4*f(j) - q(j). Let u be g(1). Is 2*1*u/(-32) prime?
True
Let r = -381 + -15018. Let t = -10538 - r. Is t prime?
True
Suppose -5*s + 0*v = v - 9, -3*s - 2*v + 4 = 0. Suppose 0 = -s*y - 2*y + 80. Is 2/(y/786) - (-46)/115 composite?
False
Suppose -10*a + 15*a - 20 = 0. Suppose -20170 = -2*q + 2*n, 0*q - 40328 = -a*q + n. Is q prime?
False
Suppose 4*o - i - 4 = 55, -42 = -3*o + 3*i. Let s be ((-328)/(-6))/(5 + -7)*o. Is ((-3)/(-3))/((-2)/s) prime?
False
Let s(i) = i**2 - 7*i + 14. Let a be s(5). Let p be 406/10 + a/10. Suppose -p*d + 39*d = -430. Is d composite?
True
Suppose 5*a = -j + 15885, 3*a = -4